 remainder when 23563 is divided by 30.
13
Calculate the remainder when 17784 is divided by 231.
228
What is the remainder when 732 is divided by 416?
316
Calculate the remainder when 2308 is divided by 208.
20
What is the remainder when 242067 is divided by 60515?
7
What is the remainder when 20365 is divided by 147?
79
What is the remainder when 2972 is divided by 1485?
2
Calculate the remainder when 450678 is divided by 4.
2
What is the remainder when 10815 is divided by 689?
480
What is the remainder when 36497 is divided by 23?
19
What is the remainder when 25982 is divided by 639?
422
What is the remainder when 35624 is divided by 35609?
15
What is the remainder when 47521 is divided by 511?
509
Calculate the remainder when 2738 is divided by 2712.
26
Calculate the remainder when 13911 is divided by 695.
11
Calculate the remainder when 44736 is divided by 705.
321
Calculate the remainder when 36587 is divided by 7299.
92
Calculate the remainder when 30651 is divided by 33.
27
What is the remainder when 23075 is divided by 437?
351
Calculate the remainder when 665996 is divided by 994.
16
What is the remainder when 28994 is divided by 1384?
1314
What is the remainder when 17596 is divided by 8716?
164
Calculate the remainder when 652615 is divided by 74.
9
What is the remainder when 3337 is divided by 282?
235
Calculate the remainder when 5895 is divided by 4402.
1493
Calculate the remainder when 171985 is divided by 67.
63
What is the remainder when 6562 is divided by 4265?
2297
Calculate the remainder when 219062 is divided by 58.
54
What is the remainder when 294488 is divided by 98?
96
What is the remainder when 4142 is divided by 915?
482
Calculate the remainder when 48505 is divided by 70.
65
Calculate the remainder when 198140 is divided by 16.
12
What is the remainder when 5370 is divided by 47?
12
Calculate the remainder when 61856 is divided by 157.
155
Calculate the remainder when 2506 is divided by 132.
130
Calculate the remainder when 38494 is divided by 97.
82
What is the remainder when 21003 is divided by 22?
15
What is the remainder when 221254 is divided by 63?
61
Calculate the remainder when 3450 is divided by 45.
30
Calculate the remainder when 111499 is divided by 3591.
178
What is the remainder when 33816 is divided by 72?
48
What is the remainder when 367753 is divided by 183854?
45
Calculate the remainder when 1334919 is divided by 109.
105
What is the remainder when 27973 is divided by 127?
33
What is the remainder when 127622 is divided by 212?
210
What is the remainder when 5998 is divided by 1583?
1249
What is the remainder when 7315 is divided by 252?
7
Calculate the remainder when 6930 is divided by 39.
27
What is the remainder when 10726 is divided by 724?
590
What is the remainder when 33751 is divided by 18?
1
What is the remainder when 2829 is divided by 1175?
479
Calculate the remainder when 8885 is divided by 2214.
29
What is the remainder when 201962 is divided by 31?
28
Calculate the remainder when 54588 is divided by 56.
44
What is the remainder when 2367 is divided by 94?
17
What is the remainder when 58442 is divided by 76?
74
What is the remainder when 1006 is divided by 253?
247
Calculate the remainder when 3606 is divided by 8.
6
What is the remainder when 82169 is divided by 45?
44
What is the remainder when 10599 is divided by 1148?
267
Calculate the remainder when 18733 is divided by 16.
13
What is the remainder when 105417 is divided by 105?
102
What is the remainder when 1339 is divided by 1303?
36
Calculate the remainder when 840 is divided by 164.
20
Calculate the remainder when 117702 is divided by 158.
150
What is the remainder when 1821 is divided by 192?
93
Calculate the remainder when 11418 is divided by 168.
162
What is the remainder when 8393 is divided by 1961?
549
What is the remainder when 51397 is divided by 934?
27
What is the remainder when 207321 is divided by 135?
96
Calculate the remainder when 15695 is divided by 14.
1
Calculate the remainder when 30768 is divided by 362.
360
What is the remainder when 2342 is divided by 128?
38
What is the remainder when 401831 is divided by 452?
3
Calculate the remainder when 96311 is divided by 3703.
33
What is the remainder when 10786 is divided by 3527?
205
What is the remainder when 1400 is divided by 997?
403
What is the remainder when 2611282 is divided by 52?
50
What is the remainder when 5911 is divided by 828?
115
What is the remainder when 963147 is divided by 20?
7
What is the remainder when 6700 is divided by 8?
4
Calculate the remainder when 2425806 is divided by 121.
119
Calculate the remainder when 1616573 is divided by 52.
49
What is the remainder when 35016 is divided by 3813?
699
What is the remainder when 1053429 is divided by 298?
297
Calculate the remainder when 8495 is divided by 2120.
15
What is the remainder when 7725 is divided by 593?
16
Calculate the remainder when 4853 is divided by 156.
17
What is the remainder when 6173 is divided by 49?
48
Calculate the remainder when 1960878 is divided by 127.
125
What is the remainder when 4489 is divided by 4480?
9
Calculate the remainder when 3616 is divided by 51.
46
Calculate the remainder when 5082 is divided by 40.
2
Calculate the remainder when 7767 is divided by 255.
117
Calculate the remainder when 19471 is divided by 59.
1
What is the remainder when 593087 is divided by 296543?
1
Calculate the remainder when 6898 is divided by 2657.
1584
Calculate the remainder when 16570 is divided by 16558.
12
What is the remainder when 1173195 is divided by 78?
75
What is the remainder when 23776 is divided by 192?
160
Calculate the remainder when 39080 is divided by 17.
14
Calculate the remainder when 584587 is divided by 228.
223
Calculate the remainder when 8191 is divided by 2729.
4
Calculate the remainder when 322562 is divided by 322533.
29
What is the remainder when 5729 is divided by 478?
471
What is the remainder when 1395 is divided by 110?
75
What is the remainder when 4352654 is divided by 616?
614
What is the remainder when 21547 is divided by 437?
134
What is the remainder when 7169 is divided by 2134?
767
What is the remainder when 35773 is divided by 45?
43
What is the remainder when 6288 is divided by 20?
8
Calculate the remainder when 394585 is divided by 19.
12
Calculate the remainder when 155926 is divided by 18.
10
What is the remainder when 1121 is divided by 450?
221
What is the remainder when 17130 is divided by 506?
432
Calculate the remainder when 674 is divided by 86.
72
Calculate the remainder when 14979 is divided by 500.
479
What is the remainder when 108787 is divided by 245?
7
Calculate the remainder when 3609835 is divided by 11.
9
What is the remainder when 961539 is divided by 80128?
3
Calculate the remainder when 11554 is divided by 369.
115
Calculate the remainder when 14640 is divided by 121.
120
Calculate the remainder when 29862 is divided by 7455.
42
What is the remainder when 153369 is divided by 12?
9
What is the remainder when 501902 is divided by 46?
42
What is the remainder when 38164 is divided by 17?
16
What is the remainder when 170278 is divided by 516?
514
Calculate the remainder when 21115 is divided by 5277.
7
What is the remainder when 198077 is divided by 37?
16
Calculate the remainder when 9367 is divided by 4675.
17
What is the remainder when 13684 is divided by 69?
22
What is the remainder when 26901 is divided by 330?
171
What is the remainder when 2604 is divided by 2286?
318
What is the remainder when 5943 is divided by 657?
30
Calculate the remainder when 5048 is divided by 617.
112
Calculate the remainder when 6224 is divided by 2935.
354
What is the remainder when 49659 is divided by 65?
64
Calculate the remainder when 2185 is divided by 85.
60
What is the remainder when 12209 is divided by 62?
57
What is the remainder when 2213 is divided by 134?
69
Calculate the remainder when 3638 is divided by 146.
134
Calculate the remainder when 460 is divided by 34.
18
Calculate the remainder when 290 is divided by 268.
22
Calculate the remainder when 60708 is divided by 236.
56
What is the remainder when 9642 is divided by 112?
10
Calculate the remainder when 5496 is divided by 37.
20
What is the remainder when 629 i